{"id":58,"date":"2026-04-30T21:10:29","date_gmt":"2026-04-30T21:10:29","guid":{"rendered":"https:\/\/test.steins-technikservice.de\/?page_id=58"},"modified":"2026-04-30T21:10:29","modified_gmt":"2026-04-30T21:10:29","slug":"muelltonnenservice-belm","status":"publish","type":"page","link":"https:\/\/test.steins-technikservice.de\/?page_id=58","title":{"rendered":"M\u00fclltonnenservice in Belm"},"content":{"rendered":"<h1>M\u00fclltonnenservice in Belm<\/h1>\n<p>M\u00fclltonnenservice in Belm: Wir stellen M\u00fclltonnen zuverl\u00e4ssig raus und nach der Leerung wieder zur\u00fcck \u2013 praktisch f\u00fcr Privatkunden, Eigent\u00fcmer, Vermieter und kleinere Objekte.<\/p>\n","protected":false},"excerpt":{"rendered":"<p>M\u00fclltonnenservice in Belm M\u00fclltonnenservice in Belm: Wir stellen M\u00fclltonnen zuverl\u00e4ssig raus und nach der Leerung wieder zur\u00fcck \u2013 praktisch f\u00fcr Privatkunden, Eigent\u00fcmer, Vermieter und kleinere Objekte.<\/p>\n","protected":false},"author":1,"featured_media":0,"parent":0,"menu_order":0,"comment_status":"closed","ping_status":"closed","template":"","meta":{"footnotes":""},"class_list":["post-58","page","type-page","status-publish","hentry"],"_links":{"self":[{"href":"https:\/\/test.steins-technikservice.de\/index.php?rest_route=\/wp\/v2\/pages\/58","targetHints":{"allow":["GET"]}}],"collection":[{"href":"https:\/\/test.steins-technikservice.de\/index.php?rest_route=\/wp\/v2\/pages"}],"about":[{"href":"https:\/\/test.steins-technikservice.de\/index.php?rest_route=\/wp\/v2\/types\/page"}],"author":[{"embeddable":true,"href":"https:\/\/test.steins-technikservice.de\/index.php?rest_route=\/wp\/v2\/users\/1"}],"replies":[{"embeddable":true,"href":"https:\/\/test.steins-technikservice.de\/index.php?rest_route=%2Fwp%2Fv2%2Fcomments&post=58"}],"version-history":[{"count":0,"href":"https:\/\/test.steins-technikservice.de\/index.php?rest_route=\/wp\/v2\/pages\/58\/revisions"}],"wp:attachment":[{"href":"https:\/\/test.steins-technikservice.de\/index.php?rest_route=%2Fwp%2Fv2%2Fmedia&parent=58"}],"curies":[{"name":"wp","href":"https:\/\/api.w.org\/{rel}","templated":true}]}}